culate the greatest common factor of 46953 and 1234737.
1269
Calculate the highest common factor of 27 and 337975956.
27
Calculate the highest common divisor of 17930 and 14564.
22
What is the greatest common factor of 10502 and 177?
59
What is the highest common factor of 1080 and 30130164?
108
What is the greatest common factor of 5702927307 and 7161?
7161
Calculate the highest common divisor of 43372304 and 34.
34
Calculate the greatest common factor of 1375 and 4482995.
55
Calculate the greatest common divisor of 7957 and 21973.
73
Calculate the greatest common factor of 9566553 and 48813.
159
Calculate the highest common divisor of 260768500 and 250.
250
What is the highest common factor of 17590020 and 3720?
1860
Calculate the greatest common divisor of 65849863 and 193.
193
What is the greatest common divisor of 2665 and 17368871?
533
Calculate the greatest common factor of 9746 and 3160.
2
What is the greatest common factor of 3012818 and 12572926?
10646
What is the greatest common factor of 510975 and 11332290?
11355
What is the highest common factor of 9177301 and 7?
7
What is the highest common divisor of 88 and 12564178?
22
What is the highest common factor of 91 and 579271?
7
Calculate the highest common divisor of 192679412 and 292.
292
What is the greatest common divisor of 10399197 and 7946?
29
Calculate the highest common divisor of 161014 and 123039.
1519
What is the highest common divisor of 57764904 and 23064?
744
Calculate the greatest common factor of 2006 and 134638.
118
Calculate the highest common divisor of 1442448 and 11664.
3888
What is the highest common factor of 77 and 304675?
7
Calculate the highest common divisor of 39837280 and 10080.
1120
What is the greatest common factor of 34848060 and 204?
12
What is the greatest common divisor of 60261 and 44891?
53
Calculate the highest common divisor of 2618 and 507514.
14
Calculate the highest common factor of 5868668 and 793.
13
Calculate the highest common factor of 8113981 and 34.
17
What is the highest common divisor of 19765 and 1101145?
335
Calculate the greatest common divisor of 28477958 and 45866.
2414
Calculate the highest common divisor of 288 and 137937.
3
What is the highest common divisor of 264973 and 1856?
29
What is the highest common factor of 46415758 and 913?
83
What is the greatest common divisor of 2099610 and 9594?
738
What is the highest common factor of 18891 and 339?
3
Calculate the highest common divisor of 52328 and 1954493.
211
Calculate the greatest common factor of 9067290 and 5865.
5865
What is the greatest common divisor of 36474 and 4248?
6
What is the highest common factor of 65871415 and 20?
5
Calculate the highest common factor of 329990 and 12770.
10
Calculate the highest common divisor of 20736 and 3477168.
1296
Calculate the highest common factor of 34619 and 107809.
13
Calculate the highest common divisor of 230588 and 136.
68
What is the highest common factor of 129 and 1669209?
3
What is the highest common divisor of 157893953 and 721?
721
What is the highest common divisor of 5974230 and 420980?
970
What is the highest common divisor of 34265 and 263970707?
6853
What is the greatest common factor of 8220 and 673500?
60
Calculate the highest common divisor of 4445964 and 816.
12
Calculate the greatest common divisor of 20999 and 13591831.
913
What is the greatest common factor of 167 and 45123734?
167
Calculate the highest common factor of 109296 and 712701.
2277
What is the highest common divisor of 20868 and 596580?
12
Calculate the highest common divisor of 30988306 and 2.
2
Calculate the highest common divisor of 41328162 and 12.
6
Calculate the greatest common divisor of 5948657 and 21879.
2431
What is the greatest common factor of 51463224 and 2232?
2232
What is the highest common factor of 32005 and 3179567?
173
Calculate the highest common divisor of 82078528 and 6174.
686
Calculate the highest common factor of 358 and 14976751.
179
What is the highest common divisor of 3425779 and 27125?
217
Calculate the greatest common factor of 140956960 and 190.
10
Calculate the highest common factor of 13631208 and 5016.
456
Calculate the highest common factor of 76 and 16033834.
38
Calculate the greatest common factor of 4993841 and 164.
41
Calculate the highest common factor of 1835460 and 429.
33
What is the highest common factor of 13002 and 1402246?
394
What is the highest common divisor of 4721843 and 11101?
653
Calculate the greatest common factor of 8330 and 66755430.
1190
Calculate the highest common factor of 23111016 and 8.
8
Calculate the greatest common factor of 788265316 and 2516.
2516
What is the highest common factor of 48739 and 2907199?
61
Calculate the greatest common factor of 22033 and 65483.
11
What is the highest common factor of 45 and 3456636030?
45
What is the highest common factor of 44364616 and 6768?
376
Calculate the highest common factor of 47532 and 774282.
102
Calculate the greatest common factor of 3114340602 and 4794.
4794
Calculate the highest common divisor of 16799 and 12102816.
157
What is the greatest common factor of 14001 and 605141888?
4667
Calculate the highest common divisor of 384 and 292704.
96
What is the highest common divisor of 1200 and 57744400?
400
Calculate the highest common divisor of 95885190 and 720.
90
What is the highest common factor of 8563305 and 1245?
15
What is the highest common factor of 240 and 140598600?
120
What is the highest common factor of 44940688 and 104?
104
What is the highest common divisor of 3000 and 248280?
120
What is the greatest common divisor of 599980433 and 26?
13
What is the highest common divisor of 8349742 and 508?
254
What is the highest common divisor of 60 and 65498172?
12
What is the highest common factor of 129473 and 3741?
43
Calculate the greatest common divisor of 28943244 and 44.
44
Calculate the highest common factor of 292 and 93876832.
292
What is the greatest common divisor of 41304031 and 157?
157
What is the greatest common divisor of 45140 and 18727?
61
Calculate the greatest common factor of 10584 and 4116168.
504
What is the greatest common factor of 539496 and 584?
8
What is the highest common divisor of 1104 and 4708344?
24
What is the highest common factor of 20694429 and 10904?
1363
What is the greatest common divisor of 9135 and 91169910?
1305
Calculate the greatest common factor of 301 and 156391.
43
What is the greatest common divisor of 4492401 and 2416?
151
What is the greatest common factor of 52 and 475818863?
13
What is the highest common factor of 25083 and 23416374?
2787
What is the highest common factor of 5390 and 37754255?
2695
Calculate the highest common divisor of 3122 and 15078.
14
What is the highest common factor of 1274 and 322?
14
Calculate the highest common divisor of 84 and 65473548.
84
Calculate the greatest common factor of 201390 and 1128715.
245
What is the highest common divisor of 2118880 and 460?
20
What is the highest common divisor of 65704 and 212201?
191
Calculate the highest common divisor of 9834 and 17871954.
894
What is the highest common factor of 67 and 32332592?
67
Calculate the highest common factor of 14 and 102532808.
14
Calculate the highest common factor of 2440 and 18852.
4
What is the greatest common factor of 192831535 and 169?
169
What is the highest common factor of 555 and 57458145?
15
Calculate the highest common divisor of 29037900 and 600.
300
What is the highest common divisor of 9342725 and 1605675?
6775
What is the greatest common factor of 9225 and 1365?
15
What is the highest common factor of 74426391 and 1053?
351
What is the highest common divisor of 107358 and 446708?
1234
What is the highest common factor of 86633284 and 4?
4
Calculate the greatest common factor of 952 and 81174541.
119
Calculate the greatest common divisor of 12022192 and 322.
322
Calculate the highest common factor of 4082 and 10815818.
26
Calculate the highest common divisor of 151351 and 149379.
493
Calculate the greatest common divisor of 32250 and 367727400.
6450
What is the greatest common factor of 1526504400 and 120?
120
Calculate the highest common factor of 3926642485 and 145.
145
What is the highest common divisor of 996062004 and 28728?
4788
Calculate the greatest comm